 13.
13
Let g = -140 - -148. Let l be (-3 - 3/(-2))*-4. Calculate the highest common factor of g and l.
2
Let h = 743 - 734. Let f = 93 - -291. Suppose h*t - f = t. Calculate the highest common divisor of 24 and t.
24
Let x(j) = 30*j + 227. Let f be x(-19). Let k = 403 + f. What is the greatest common factor of k and 160?
20
Suppose q + 275 = 3*u, 2*u - 4*q = -5*q + 185. Suppose 2*w + 4*n = u, 0 = -5*w + 4*n + 30 + 130. What is the highest common divisor of w and 48?
12
Let r = -43370 + 43416. Suppose 3*l - 348 = -l. Suppose 0 = 4*v - l - 373. What is the highest common factor of v and r?
23
Let w be ((-4500)/(-8))/9*72/20. What is the greatest common factor of w and 69?
3
Let v be ((-3080)/(-33) - (-1 + 12))/((-1)/(-90)). Calculate the greatest common factor of v and 10.
10
Let a(s) = -s**2 + 3. Let t be a(0). Suppose t*i - 56 = i. Let d = 2856 + -2852. What is the highest common factor of d and i?
4
Let t(p) = -169*p**3 + p**2 - 3*p - 23. Let l be t(-3). What is the highest common divisor of l and 106?
106
Let m = 5544 + -2547. What is the greatest common divisor of m and 222?
111
Suppose -5*y + 1344 = 2*n, -5*y - 1178 = -3*n + 888. What is the highest common divisor of n and 39215?
341
Let f(w) = 80*w**2 + 114*w + 114. Let n be f(-1). What is the highest common factor of 580 and n?
20
Let t be (-83 + -3 - -4)/1. Let z = 138 + t. Let y be -4 - -12 - (0 + 1). What is the highest common factor of z and y?
7
Let u be (506/(-121))/((-5)/55). Let q(m) = -m**3 + 14*m**2 + 6*m + 8. Let j be q(14). Calculate the highest common divisor of j and u.
46
Let k(b) = 15*b**2 - 6*b + 8. Let a be k(4). What is the greatest common divisor of a and 700?
28
Let i = 768 + -726. Calculate the greatest common factor of 994 and i.
14
Let y be (2/(-3))/((-399)/500346). What is the greatest common divisor of 352 and y?
44
Let j be (0 - (-3680)/25) + 4/40*-2. What is the greatest common factor of 3577 and j?
49
Let h be 3 + -5 + -3 + 7. Let m be (0 - h)/(-2) + 2 + 1. What is the highest common factor of 16 and m?
4
Suppose 6 = -d + 2, -6*g - 3*d = -50316. What is the greatest common factor of g and 4?
4
Suppose -23*b - 9*b + 188320 = 75*b. Calculate the greatest common divisor of 800 and b.
160
Suppose c + 3*c - 5 = -3*y, -15*y - 3*c = -93. What is the highest common divisor of y and 10?
1
Let w be ((-25)/(-6))/25 + 2951/6. What is the highest common divisor of w and 60?
12
Let f = 419 + 1066. What is the highest common divisor of 405 and f?
135
Suppose 7066 = 4*b + 68*u - 66*u, 7046 = 4*b + 6*u. Calculate the highest common factor of b and 183.
61
Let z = -22 - -39. Suppose 4*j = -o + 35, 17*o = 12*o + j + 259. Calculate the greatest common divisor of z and o.
17
Suppose 2*s = -k + 52, -29*k = -24*k - 5*s - 275. Calculate the highest common divisor of 1179 and k.
9
Let z(j) = -212*j + 1114. Let i be z(5). Calculate the greatest common divisor of i and 3258.
18
Let y be 32571/(-658)*8/(-18). Calculate the highest common factor of y and 4422.
22
Let y(f) = -17*f**3 + f**2 + 8*f - 9. Let i be y(6). Let l = -2495 - i. Suppose -l - 1082 = -8*g. What is the highest common factor of g and 39?
39
Suppose -7155 = -5*p + 5*x, 693 - 2119 = -p - 4*x. What is the greatest common divisor of p and 220?
110
Let d = -68502 - -97020. Calculate the highest common divisor of d and 49.
49
Suppose 3 = -3*m, -5*m = 4*j - m - 2600. What is the greatest common divisor of j and 315?
21
Let q be (-5)/(((-1)/1)/4). Let z = 40718 + -40468. Calculate the highest common factor of q and z.
10
Suppose 3*m = o - 3*o + 146, 2*o = 8. Let w = m - 32. What is the greatest common factor of 10 and w?
2
Let s(g) = g**2 - g - 6. Let k be s(3). Suppose -6*n + 47 + 19 = k. Calculate the highest common factor of n and 22.
11
Let r(t) = t**3 + 14*t**2 - 22*t - 260. Let j be r(-14). Calculate the greatest common divisor of j and 3756.
12
Suppose 2*h = l + 6, 0 = 4*h + 2*l - 6*l - 12. Let u be 6/1 + ((-8)/(-1) - h). Calculate the highest common divisor of u and 11.
11
Let v(c) = c**2 - 47*c + 555. Let w be v(27). What is the highest common divisor of w and 3305?
5
Let z = -489 + 617. Let g = -12 - -24. Let o(d) = -d**2 + 12*d + 16. Let n be o(g). What is the highest common divisor of n and z?
16
Suppose -2514 - 813 = -297*b + 3504. Let o = -1 - -1. Suppose 5*w - 3*r - 654 + 73 = 0, w + 3*r - 109 = o. What is the highest common factor of w and b?
23
Let q = -1269 - -1563. Calculate the greatest common factor of q and 51.
3
Let f = 11 + 0. Let y = 5236 - 4411. What is the greatest common divisor of f and y?
11
Let k = -1321 - -1401. Calculate the greatest common factor of k and 4560.
80
Let z = 3 - 0. Let b = 0 + z. Suppose 0 = -55*q - 96*q + 4983. What is the greatest common factor of b and q?
3
Suppose -5*l + 630 = 135. Let p(w) = -100*w + 193*w - 19 + w**2 - 86*w. Let f be p(-10). Calculate the greatest common divisor of l and f.
11
Let s(f) = f**2 + 4*f - 2. Let j be s(10). Suppose 2*r = -32 + 44. What is the highest common divisor of j and r?
6
Suppose -x + 673 = -o, 2*o - 29*x + 1322 = -33*x. Let z = o + 729. What is the greatest common factor of 24 and z?
12
Let u = 354 + 53. Let m = u - 209. What is the highest common factor of 44 and m?
22
Suppose 0 = -5*b + 4*u - 4 + 13, -u - 1 = 0. Let w(x) = 261*x**3 - 2*x + 2. Let j be w(b). What is the greatest common factor of j and 27?
9
Let s be 3/(-2)*(4311232/48)/(-31). What is the greatest common divisor of s and 328?
82
Let z = -57 - -22. Let k be (-14)/z - (-118)/5. Let c(p) = 9*p**2 + 13*p + 30. Let o be c(-3). Calculate the greatest common divisor of o and k.
24
Let f(z) = 60*z - 2. Let i be f(2). Suppose i = 2*o - 14. Let m = 35158 + -35152. Calculate the highest common factor of o and m.
6
Let r(a) = -240*a**3 - 7*a**2 - 38*a - 36. Let w be r(-1). What is the greatest common divisor of 24205 and w?
235
Let d = 427 - 868. Let a be 7432/26 - (-5 + d/(-91)). Calculate the greatest common factor of 44 and a.
22
Let y be -85526*(5 - 444/84). Calculate the highest common divisor of y and 164.
164
Suppose -32*n + 111*n = 5293. Calculate the highest common factor of 4087 and n.
67
Suppose 55 = 4*q + 15. Suppose k + 20*o + 22 = 16*o, 72 = 4*k - 4*o. What is the highest common factor of k and q?
10
Let n = -12994 + 14104. Calculate the highest common factor of n and 3996.
222
Let b = -52 + 36. Let o be 1436/6 - b/24. What is the greatest common divisor of o and 96?
48
Let u be -8*(-4020)/(-96)*4/(-10). Let y = u - 70. Calculate the greatest common factor of y and 96.
32
Suppose -4*o - 1292 = -2*l, -3*l + 876 + 1059 = -5*o. Suppose 0 = 5*u - 20, -l + 120 = -2*j - 5*u. Calculate the greatest common factor of j and 100.
50
Let u be (-4 - (-1576)/(-12))/(3/(-9)). Let o = u + -380. What is the greatest common divisor of 572 and o?
26
Let o be 39 + 2 + 8 + -5. Let i = o + 6. Let k(g) = 8*g - 22. Let x be k(4). Calculate the highest common divisor of i and x.
10
Suppose 4*o - 389 = 5*d, 2*d - 3 = 5*d. Let t = 143062 + -142726. Calculate the highest common divisor of t and o.
48
Let u = 19 + -16. Let l(x) be the second derivative of x**4/12 - x**3/2 + 4*x**2 - 4*x. Let q be l(7). What is the highest common factor of q and u?
3
Let j(v) = -16*v + 2. Let m be j(-2). Let g be (-403)/62*34/(-1). What is the highest common factor of g and m?
17
Suppose -66 - 108 = -2*j - 5*r, -5*r = 30. What is the greatest common factor of 5406 and j?
102
Let q(o) = -55*o + 1241. Let j be q(19). Calculate the greatest common divisor of j and 63.
7
Suppose 1669 = -8*t + 1781. Let b = 100 - 65. What is the highest common factor of t and b?
7
Suppose -13*t + 75 = a - 12*t, 3*a - 215 = -t. Let g(d) = 2*d - 4. Let s be g(2). Suppose s = -w + 14 - 0. What is the greatest common factor of w and a?
14
Suppose 0 = 5*z + 2*g - 2487, 5*g + 653 = 3*z - 802. Calculate the greatest common divisor of z and 880.
55
Suppose -5*l - 265 = m, 0*l - 99 = 2*l - m. Let b = l - -56. Suppose b*i - n = 60, 0 = -i - 2*i + 2*n + 50. What is the highest common divisor of 238 and i?
14
Suppose 16*l - 13*l = -c + 6300, -2*c + 4*l = -12660. Calculate the greatest common factor of 156 and c.
78
Suppose -452 = -8*x - 164. Suppose x*o + 48 = 39*o. Calculate the greatest common factor of o and 28.
4
Let w(d) = -d + 14. Let r 